9)/((-3)/36)?
2
Suppose 3*l - 828 - 135 = 0. Let s(k) = -27*k - 2. Let y be s(7). Let z = y + l. What is the hundreds digit of z?
1
Suppose 2*d - 3*m = 3105, 11*d - 3110 = 9*d + 4*m. Suppose 4*x + 4 = 0, -5*x = 5*k - 7*k + d. What is the units digit of k?
0
Let a = -415 + 419. Suppose -2471 = -a*r + b, 7*r - 6*r = 5*b + 632. What is the hundreds digit of r?
6
Let k(i) = 105*i + 1. Let u be k(1). What is the tens digit of u/(-901) + (-10850)/(-34)?
1
Let g = 456 - 198. Let p = -62 + g. What is the tens digit of p/6 - (-42)/(-63)?
3
Let o(n) = 1637*n**3 + n**2 + 84*n - 169. What is the units digit of o(2)?
9
Let u = 33 + -10. Let f be (-13)/((-65)/(-70)) - -5. Let r = f + u. What is the tens digit of r?
1
Let h(o) = -2*o**3 - 43*o**2 + 17*o - 108. Let x be h(-22). Suppose -k - 2*q - x*q + 1200 = 0, -2*q = 3*k - 3640. What is the units digit of k?
6
Let k be 2/(-3) + 3/(-9). Let a(z) = 388*z**2 - 6*z - 6. What is the hundreds digit of a(k)?
3
Let a(u) = -2*u + 6. Let j be a(9). Let o be (-3)/((-27)/j - (5 + -2)). Suppose -3*b - 2*l + 514 = 0, b + 4 = o*l + 194. What is the hundreds digit of b?
1
Suppose 2*n = -t - 66, -6*n + n - 165 = 4*t. Let l = 38 + n. Suppose -l*g + 109 = 5*a - 261, -4*g - a = -290. What is the units digit of g?
2
Suppose -2*f + 4*f + 17*f - 129789 = 0. What is the units digit of f?
1
Let k(n) be the second derivative of n**5/20 - n**4/6 + n**3/3 - 11*n**2/2 - 2*n. Let s = -404 - -409. What is the units digit of k(s)?
4
Let z = 9550 - 1380. What is the thousands digit of z?
8
Suppose -2*v + 25 = -49. Let q = 46 - v. Let m(d) = d**2 - 4*d + 7. What is the units digit of m(q)?
2
What is the units digit of (8/(-10))/((-10381530)/288375 - -36)?
0
Suppose 4*k + 2*s - 11 = 1, 5*k - 15 = 5*s. Let v(c) = 113*c**3 + 3*c - 1. Let g be v(2). Suppose k*b = -93 + g. What is the hundreds digit of b?
2
Let m(h) = 2*h**2 - 28*h + 2. Let x(t) = -t - 1. Let l(s) = -m(s) + 2*x(s). Let f be ((-506)/(-69))/(4/6). What is the tens digit of l(f)?
4
What is the units digit of ((-21)/(-19) + 398/(-3781))*195*1?
5
Let c(r) = -r**2 - 4*r + 32. Let l be c(-8). Suppose l = 4*x - 3*o - 2613, x + 2*x + 2*o - 1981 = 0. What is the tens digit of x?
5
Let p be 5 - (-6)/(-10)*(-18 + 8). Suppose -p*l - 388 = -1455. What is the tens digit of l?
9
Let b = 44 - 44. Let c be (-12)/(-3) + -4 - b. Suppose c = t - 5*g - 128, t + 3*g - 112 = 40. What is the units digit of t?
3
Suppose -c - 4*c + 230 = 0. Let p(r) = 56 + 2*r**2 - r**2 - c. What is the tens digit of p(0)?
1
Let t(s) = 11*s - s**2 + 0*s - s**3 - 8*s**2 + 6*s + 24. Let c(j) = -17*j + 57. Let a be c(4). What is the units digit of t(a)?
9
Let c = -191 - -180. What is the hundreds digit of c/((-55)/60)*10?
1
Let t be (6/5)/((-90)/300). What is the units digit of (33/t)/((-15)/(-17280)*-8)?
8
Let o = -20847 - -47353. What is the hundreds digit of o?
5
Let z = 8515 - 3072. What is the units digit of z?
3
Let m = 528 - 89. Suppose 4*d - 1433 = -5*y, 4*d - m = -3*y + 424. What is the units digit of y?
5
What is the thousands digit of (3344/110 + -25)/((-2)/(-8370))?
2
Let g(c) = 18*c**2 - 100*c + 3. What is the tens digit of g(-52)?
7
Let k = -315 - -2586. What is the units digit of k?
1
Let n(q) = 3*q + q**3 + 18*q**2 + 60 - 56 - 2*q**3 - 6*q. What is the units digit of n(17)?
2
Let v = -105 + 107. Suppose -v*t + 38 = -28. What is the tens digit of t?
3
Let s be (-6)/10 + (-1026)/(-5)*5/10. Suppose 5*n - 2*i + 184 = -0*i, -2*i - 158 = 4*n. Let r = s + n. What is the tens digit of r?
6
Suppose h - 4 = 3*r, h = 3*r + 4*h. Let z be 1986/6 + (r - 1*-2). Suppose -5*d + 4*q + z = 87, d - 4*q - 65 = 0. What is the tens digit of d?
4
Let n be (-1 - (-6)/14)*(-4 - 3). What is the hundreds digit of 6 - ((-2002 - n) + -7)?
0
Suppose 2*w - 6*q + 2*q - 67698 = 0, -4*w = -4*q - 135424. What is the hundreds digit of w?
8
Suppose 4*f = -5*x + 32442 + 10614, 2*f + 17208 = 2*x. What is the hundreds digit of x?
6
Suppose -5*j - 1 = 4. Let y be 4 + j*8 - -4. Suppose -o - 3*q + 49 = y, -5*o - q + 115 = -2*o. What is the units digit of o?
7
Let t = 3908 + -1956. Suppose 20*j - 16*j - t = 0. What is the hundreds digit of j?
4
Let j = 347 + -362. What is the hundreds digit of (-11)/((-231)/(-854))*j?
6
Suppose -62*b + 66*b = 1332. Let p = 515 - b. What is the hundreds digit of p?
1
Suppose -3*z = -5*d - 3460, 0 = 3*d - d + z + 1395. Let t = -344 - d. What is the units digit of t?
1
Let r = 13279 - 8784. Suppose 0 = -7*h - 386 + r. What is the tens digit of h?
8
What is the tens digit of (-29)/(-174) - 2/3 - (-150424)/16?
0
Let z(f) = -28 - 28 - 42*f - 6 - 24*f + 12. What is the units digit of z(-11)?
6
Let t(f) = 60*f + 9. Let y be (-1)/(((-15)/(-25))/(-3)). What is the hundreds digit of t(y)?
3
Let m = 48 - -58. Let z be (-40)/100 - m/10. What is the units digit of (z/(-33))/((-2)/(-90))?
5
Let r(u) = 1097*u - 215. What is the tens digit of r(8)?
6
Let a be (10 - 6)*(-7)/(-4). Let n(x) = -7*x + 6*x**2 - 16 - 1 - a*x**2 - 8*x. What is the tens digit of n(-6)?
3
Suppose p + 4*l - 12 = 10, 0 = 2*p + 4*l - 24. Suppose 18 = -5*y + 3, -5*j - p*y + 1134 = 0. Suppose 14*w = j + 150. What is the tens digit of w?
2
What is the thousands digit of (-25)/(750/(-180))*22336/6?
2
Suppose 4739 = 7*y - 2359. Suppose 5*t + y = 5*j + 4*t, 0 = -4*t + 4. What is the hundreds digit of j?
2
Let d = -6254 + 10708. What is the hundreds digit of d?
4
Let u(g) = -3439*g - 138. What is the tens digit of u(-2)?
4
Let g(f) = -f**3 - 21*f**2 + 32*f + 30. Let x be g(-23). Let h = 112 + x. What is the units digit of h?
4
Let k = 246 + -241. What is the units digit of (-8)/20*k - -172?
0
Suppose -3*c + 6*c - 15284 = -i, 5*i = 2*c - 10195. What is the hundreds digit of c?
0
Suppose -11*n + 10 = -n. Suppose p - 11 = -3*g, 0 = -p - 2 + n. Suppose -g*k = -i - 230, 4*k + 4*i = k + 182. What is the tens digit of k?
5
Suppose r - 3*r - 10 = 0, -5*m + 465 = 4*r. Let t = m - -348. Suppose -3*y - a = -t, -4*a = -2*y - 2*a + 294. What is the units digit of y?
8
Let o be -4*5/(-20) + (-4)/4. Suppose o = s + s - 5*f - 577, -3*f - 571 = -2*s. What is the units digit of s?
1
Suppose -8 = -3*h + h. Suppose n - 3 = 0, 5*x - 1471 - 257 = h*n. Suppose 3*c = -3*m + 4*c + 543, 2*m = -4*c + x. What is the tens digit of m?
8
Suppose -7751*j - 3646 = -7752*j. What is the units digit of j?
6
Suppose n - 9*y - 6475 = 0, -4*n - 282 = 5*y - 25854. What is the hundreds digit of n?
4
Let u = -105 - -95. What is the tens digit of (-118)/(-12) + 2 - u/60?
1
What is the tens digit of (-3 - 16)/95 - (-4191)/5?
3
Suppose 89*p + 520 = 90*p. Let r = p - 165. What is the hundreds digit of r?
3
Let f(u) = u**3 - 2*u + 6. Let g = 48 + -46. Let q(l) = -5*l**3 - l**2 + 10*l - 31. Let n(c) = g*q(c) + 11*f(c). What is the hundreds digit of n(7)?
2
Suppose 0*w - 2*w = -6*w. Let q be 4*(1 - ((-3)/(-6) - w)). Suppose -5*d = q*d - 658. What is the tens digit of d?
9
Suppose 2495309 = 74*r + 127087. What is the thousands digit of r?
2
Suppose -121 = -5*p - b, 5*p - 39 = b + 90. Suppose -p*o = -17*o - 3576. What is the units digit of o?
7
Suppose -23*z + 3052 = -16*z. Suppose 0 = 4*s - 4*j - 48, 2*j - 48 = -4*s - 0*j. Suppose -s = -7*u + z. What is the tens digit of u?
6
Suppose -42 = -x + 3*r, 4*x - 5*r - 52 = 3*x. Suppose 25*w - x*w = -2936. What is the tens digit of w?
6
Let q(t) = 39*t - 122. Suppose 9*z + 59 - 149 = 0. What is the units digit of q(z)?
8
Let q(j) = j**2 - 14*j - 26. Let m be q(16). Suppose -p - 14 = m*p. What is the tens digit of (-4 + (-42)/p)*2?
3
Suppose -118 = v - 122, -8*v + 61808 = 3*b. What is the units digit of b?
2
Suppose 17*s - 115*s + 52434 = -7934. What is the hundreds digit of s?
6
Suppose 644 = 2*t + s - 12898, 5*t - 2*s - 33864 = 0. What is the units digit of t?
2
Let u = 1490 - -294. Suppose -2*w + 6*m - 3*m = -3568, w - m = u. What is the units digit of w?
4
Let u(g) = -5*g**3. Let c be u(-1). Let t(p) = 13*p + 6 + 54*p - 8*p. What is the tens digit of t(c)?
0
Suppose 0 = -1736*a + 1713*a + 2321813 - 680234. What is the tens digit of a?
7
Let i(u) = -6694*u**3 - 3*u**2 - 36*u - 33. What is the thousands digit of i(-1)?
6
Suppose 30*r = 2*x + 27*r - 588, 0 = 8*x + 3*r - 2412. What is the units digit of x?
0
Let h = -19371 - -48117. What is the tens digit of h?
4
Suppose -3*v